1.
-1
1 - (-2 + 0) - (4 - 4)
3
Calculate (6 + 2 - 2) + -1.
5
Evaluate 10 + -3 + 0 + (2 - 7).
2
1 - -4 - (3 - 0)
2
Evaluate -7 + (3 + -1 - 0).
-5
1 - (-4 + -5 + 13)
-3
What is 1 + 1 + (-7 - 1) - -2?
-4
4 - 3 - (1 + -1)
1
Calculate -1 + -7 + 3 + -2 + 2.
-5
What is the value of 14 + -12 - (-2 + 0 + 1)?
3
What is the value of -5 + -4 + 4 + 2?
-3
Calculate 3 - (2 + (-3 - 2 - -3)).
3
What is the value of -1 - (-1 - -2 - (-1 - -2))?
-1
What is the value of (1 - 2) + 12 + 7 + -15?
3
9 + -2 - -5 - 18
-6
-3 - (9 - (-10 - -22))
0
What is -5 - (-1 - 1 - 3)?
0
Calculate -1 + -5 + 4 + (3 - -4).
5
What is -10 - (3 + -6 + -1 + 2)?
-8
0 - 1 - (2 - 3)
0
Calculate 2 - (-2 - -1) - 8.
-5
12 + -10 + -4 + -3
-5
Calculate (-3 + 2 - -7 - 4) + -7.
-5
Evaluate -1 - (2 + -3 + 14 + -18).
4
What is the value of -4 + 9 + -11 + 4 - -2?
0
Calculate -11 - -13 - (-8 + 5).
5
What is (-6 - 1) + 132 + -124?
1
What is the value of 14 + -10 - (-4 + 3)?
5
What is -8 + 11 + -14 + 4?
-7
Evaluate -22 - -29 - (3 - 1).
5
Evaluate 15 + -20 + (1 - 6).
-10
What is 11 + (1 - 7) - (2 - -4)?
-1
What is the value of (-2 + 2 - -6) + -7?
-1
Calculate (-8 - 1) + 19 - 19.
-9
Evaluate -7 - (-10 + 3 + 5).
-5
-5 + (9 + 1 - (1 - -1))
3
Calculate 1 + -2 + 6 + -2.
3
What is the value of 41 + -36 + -2 + 1?
4
What is -5 - (6 - (8 + (6 - 0)))?
3
(8 - -5) + -5 + -10
-2
-2 - -4 - (0 + 5 + 1)
-4
What is the value of 4 + (5 + -4 - 0) + -2?
3
Evaluate -4 - (-4 + 0 - (-1 + -2)).
-3
(-4 - -9) + -3 - (4 - -1)
-3
2 + 2 + -2 - (5 - 5)
2
Evaluate -6 - ((2 - 13) + (-4 - -6)).
3
Calculate (-8 - (-6 + 2)) + (7 - 4).
-1
-3 - ((-3 - 4) + 4)
0
11 + (-6 - (2 - (1 + 0)))
4
What is the value of (5 - 2 - 2) + -2?
-1
Evaluate -2 + -4 + -1 + (4 - 2).
-5
What is the value of -6 + 17 + 7 + -12?
6
What is (5 - 1) + 0 + (-1 - 12)?
-9
What is the value of -2 + 0 - -2 - -1 - 6?
-5
What is the value of -11 + 2 + (4 - 0)?
-5
What is 4 - ((-1 - 1) + (-9 - -13))?
2
Calculate (12 - 20) + 13 + 0.
5
Calculate -3 + (-3 - -6) + 2 + -1.
1
Calculate 2 + 6 + -7 + 3.
4
What is the value of -7 + 0 + 1 - -1?
-5
Evaluate -63 - -61 - (0 - 5 - -1).
2
1 - -7 - (15 + 6 + -15)
2
Calculate -2 + 2 + -2 + 8 + -4.
2
(2 - -1) + -4 + (-1 - -2)
0
What is the value of 0 - 0 - (-2 + (-3 - -10))?
-5
What is (6 - (-6 - -9)) + 0 + 0?
3
2 - 6 - (-1 + 0 + 1)
-4
Calculate 2 - 1 - 5 - (-247 - -247).
-4
What is -8 - (-10 + 6) - -6 - 2?
0
What is the value of 7 + (-1 + -1 - (9 - -2))?
-6
What is the value of 0 + 12 + -2 - 5?
5
What is the value of (39 - 28) + (3 - (2 - -8))?
4
Evaluate -35 - -34 - (4 + 1).
-6
Calculate -2 + (2 - (-2 - -1)) + 4.
5
What is the value of -6 - (-5 + 0 - -2 - -4)?
-7
Calculate 1 + -1 + 1 + 6 + -1.
6
What is (14 - 2) + (27 - 34)?
5
What is 4 - (1 + 3 + -3)?
3
Evaluate -3 + (1 - (-3 - 3)).
4
What is 5 - ((-6 - 2) + 8)?
5
Evaluate (11 - 18) + 9 - 6.
-4
What is -63 + 62 + -3 + -2?
-6
What is the value of 0 - 6 - 1 - -1?
-6
What is -65 - -72 - (0 + 12)?
-5
Evaluate -1 + 10 + (0 - 2) - 17.
-10
What is (5 - 4) + 1 + 2 + 0?
4
6 + (6 - (3 - -13 - 3))
-1
What is -7 + (7 - 1) + -1?
-2
What is -2 - (-6 + -7 + 14) - -4?
1
Calculate -10 - (-6 - (8 + 0)).
4
(11 - 5) + -3 - 3
0
-19 + 16 + 2 + -1
-2
(3 - 7 - (4 - 4)) + 2
-2
-1 + (-1 - -4) - (798 + -801)
5
What is the value of -3 + 1 - (5 - 13) - 5?
1
Calculate 4 - (-1 + 5 - (7 - 1)).
6
What is -1 + (0 + 2 - (-4 - 1))?
6
9 + -6 + -5 + 0 + 2
0
What is the value of (2 - -2) + 0 + 0?
4
What is 24 + -27 + 1 + -1?
-3
What is -1 + -2 + (4 - (3 - -1))?
-3
What is the value of -3 - (-3 - (-1 - -1))?
0
What is -2 - (2 + (2 - 8))?
2
Evaluate 1 - (6 + -7 + -4).
6
What is 0 + 2 + 3 + -6?
-1
Calculate -3 + (2 - 5) + -4 + 5.
-5
(-7 - -11) + -5 - (-1 + 0)
0
Calculate -15 - -2 - (-26 + 17).
-4
Calculate -6 + 2 + (0 - (-3 + 1)).
-2
5 - (1 - 0 - -2)
2
Evaluate -8 + (2 - (-4 - -1)).
-3
Calculate 4 - (14 - 3 - 4).
-3
Evaluate 3 + (5 - 8) - (-1 + -3).
4
What is -11 + -1 - (18 - 21)?
-9
What is 5 + -2 + (2 - (-3 - -3))?
5
What is -86 + 96 + (-17 - 1)?
-8
Calculate 1 + (-11 + 10 - -2).
2
What is the value of -4 + 2 + 2 + -17 + 16?
-1
4 - 8 - (-5 - 1)
2
What is -2 - (-3 - -3 - (0 - 4))?
-6
What is the value of 0 + -5 - -5 - 1?
-1
Evaluate -18 + 18 + 0 + (-17 - -8).
-9
What is the value of (-3 - 5) + -1 + (3 - -1)?
-5
What is the value of -17 + 14 + 9 + -13?
-7
0 + -3 + -1 + -2 + 4
-2
What is the value of 2 + -2 - (54 - 52)?
-2
(7 + -16 - -9) + 5
5
What is the value of 36 + -37 - (1 + 3)?
-5
What is (-7 - (0 + -7 + 0)) + -2?
-2
Calculate 4 + -3 + 3 - 8.
-4
Evaluate -1 - (9 + -3 + -4 + 1).
-4
6 - (5 + -2 + (1 - -6))
-4
Calculate (-3 - (-11 + 5) - 1) + 3.
5
Calculate -3 - (-4 - -9 - (4 + -1)).
-5
What is the value of 3 - (-4 + -4 + (12 - 2))?
1
Evaluate -1 - (5 - (1 + 2)) - -7.
4
Evaluate -3 + (1 + 0 - 4) + 12.
6
What is the value of 1 + -3 + 11 + -4 + -2?
3
Calculate 0 + 6 - (4 - -1 - 2).
3
Evaluate (5 - 18) + 8 - -2.
-3
-7 - (-4 + -11 + 4)
4
Calculate -7 - (-14 - ((-6 - -1) + 6)).
8
What is -5 - (-4 - -13) - -7?
-7
What is the value of 0 - -4 - (4 + -2 + 0)?
2
What is the value of 8 + (4 - 13) + 0?
-1
Evaluate 0 + 10 + 2 + -10.
2
-6 + -8 + 0 + 17
3
Calculate 10 - 10 - 0 - (-1 - 0).
1
What is -2 + -1 + 30 + -24?
3
3 - (-4 - -5 - (-6 + 4))
0
-1 - -3 - 2 - (0 + -2)
2
(-4 - -5) + 3 - (3 - 0)
1
-3 - 1 - (-1 - -2)
-5
Evaluate 2 + -14 - (-15 - -11).
-8
Evaluate -3 - (3 - (7 - -3)).
4
Evaluate -3 - (0 - (7 - (-3 + 5))).
2
1 + -4 + 6 + 0 + 0
3
Evaluate -11 + (12 - (-9 + 13)).
-3
What is -4 - -1 - (-9 + 9) - -4?
1
What is the value of -4 + (11 - (-1 + 10 + -4))?
2
10 + 2 + -3 - 6
3
What is the value of (0 - (-1 + -2) - 6) + 5?
2
What is -2 + (1 + 1 - -1) - 5?
-4
What is -2 + (2 + 9 - 3) + -2?
4
1 + 4 + -127 + 125
3
Calculate 2 + (-4 - ((1 - 0) + -3)).
0
Evaluate -11 + 6 + -1 - -17 - 6.
5
1 + -4 + 20 + -17
0
Calculate (1 - (0 - 0)) + -5.
-4
Evaluate (0 - (-18 + 7)) + -3.
8
What is the value of (-5 - 4 - -4) + -2?
-7
What is the value of -58 + 58 - (2 + (-4 - -2))?
0
What is 1 + (1 - (2 + 0)) + 3?
3
What is -6 - (-8 - (-15 + 7))?
-6
What is the value of 3 + -7 + 2 + 3?
1
What is 9 - (-4 - -10) - (1 - -1)?
1
-2 + 7 + (-2 - 2) + 7
8
4 + -2 + (-10 - -3) + 2
-3
What is the value of 27 + -14 - (3 + 7)?
3
What is -7 - (7 + -11 + 3)?
-6
What is the value of -46 + 47 - (-4 - 1)?
6
Calculate (2 - (1 - 2)) + 1.
4
What is the value of -22 + 8 + 18 - (1 - -7)?
-4
Evaluate 0 - -5 - (1 + 6 + -6).
4
What is -4 - -6 - (-1 + 6)?
-3
What is -5 - (18 - 26 - (-10 - 3))?
-10
-3 + -12 + 10 + (0 - -7)
2
What is (-10 - (-6 + 3)) + 10?
3
13 - (22 + 0) - -6
-3
Calculate 1 + (10 - 3 - 4).
4
Evaluate 3 - (0 - -2) - 5.
-4
(3 - -9) + (-3 - 5)
4
What is the value of -1 + (-12 - -12) + (-8 - -1)?
-8
What is the value of (-7 - (-3 - -2)) + 12 + -3?
3
0 - 0 - 0 - -2
2
What is the value of (-2 - (2 + -8)) + (-7 - -6)?
3
(-11 - (9 + -12)) + 10
2
Evaluate (-6 - 6) + 1 - -6.
-5
-5 + (6 + -12 + 8 - -2)
-1
What is the value of -2 - (-1 + -4) - (-1 + 0)?
4
What is the value of 7 + 2 + -8 + -1?
0
5 - (1 + 20 + -1 + -6)
-9
Calculate 1 + 1 + 1 + 1.
4
Calculate -4 - -6 - (-1 + 1 + 7).
-5
-10 - (-12 - -14 - 13)
1
What is -5 + (7 - -2) + -6 + 1?
-1
Calculate -1 + -8 + (2 - 1) + 2.
-6
What is 11 - (16 + -14 + 6)?
3
Evaluate (-3 - (-3 - -5 - 2)) + 4.
1
What is 2 - (-8 - (3 - 8))?
5
What is the value of (-3 - -3) + 3 + -7 + 10?
6
Calculate (13 - (7 + 1)) + 0.
5
What is the value of 7 + -13 + -12 + 17?
-1
What is 1 + -10 + 0 + 18?
9
Calculate -74 + 85 - (13 + 1).
-3
Evaluate -3 - (-3 - (-3 - -1 - 2)).
-4
What is 0 - (10 + -5 - 2)?
-3
Calculate -8 + 13 + (0 - 1).
4
Calculate (3 - (-5 - -8)) + 4.
4
Evaluate -6 + 8 + -5 - -7.
4
14 + 1 + -3 - 6
6
-7 + 9 - -6 - 15 - 4
-11
What is the value of -1 - (11 - (29 - 12))?
5
Calculate 5 + -10 - -2 - -1.
-2
What is (0 - 2 - (-3 + 4)) + 0?
-3
Evaluate -7 + (-3 - -8) + 4.
2
76 - 77 - (1 + -1 + 1)
-2
What is -1 + 2 + (3 - (-3 + 2))?
5
Calculate -4 + -2 + 3 - (-1 + -2).
0
What is the value of (-7 - -5) + 6 + -27 + 12?
-11
Evaluate -2 + (-5 - (-4 - (-6 - -2))).
-7
Evaluate 2 - (8 - (-3 - -3)).
-6
-5 - (-2 + -2 + 4 + 0)
-5
What is the value of (13 - -9 - 10) + (1 - 7)?
6
What is the value of (-8 - (-3 + 5)) + 6?
-4
Calculate -3 - (-3 + (-3 - -3)).
0
What is the value of 70 + -64 + (-7 - 1)?
-2
What is the value of (-168 - -153) + (10 - 0)?
-5
Calculate -5 - ((0 - 1)